Let j(l) = -2*l**3 + 2*l**2 + 6*l + 5. Let u be j(4). Let y = u - -64. Determine w(y).
-15
Suppose 0 = -11*d - 218 + 207. Let n = -12 - -7. Let m(w) = w**3 + 7*w**2 + 4*w - 5. Let b(j) = -j**2 - j + 1. Let r(a) = d*m(a) + n*b(a). What is r(1)?
-2
Let h = 12 + 3. Let j = 16 - h. Let v(m) = m**2 - m. Calculate v(j).
0
Let x(j) be the first derivative of 0*j + 1/6*j**4 - 1/6*j**3 + 4 - 1/2*j**2. Let c(u) be the second derivative of x(u). What is c(3)?
11
Let c = -59 + 66. Let z(o) = 3 + 0*o - 2 - c + o. What is z(6)?
0
Suppose u - 2 = -13. Let r = u - -14. Let m(o) = 3*o**3 - 13*o**2 + o - 10. Let v(w) = -w**3 + 4*w**2 + 3. Let n(s) = -2*m(s) - 7*v(s). Give n(r).
2
Let c(q) = 7*q**2 + 8*q - 1. Suppose -13*h = -6*h + 42. Let s(x) = x**2 + 2*x. Let r(a) = h*s(a) + c(a). Let v(n) = -n + 2. Let z be v(-3). What is r(z)?
4
Let a(r) = 4*r + 6*r**2 + 12 - 28269*r**3 + 0*r + 28268*r**3. Give a(7).
-9
Let j = 7 - 11. Let a(s) = 122 - 120 - 206*s + 211*s. What is a(j)?
-18
Let n(k) be the second derivative of -k**5/20 - 3*k**4/4 - 11*k**2/2 + 2*k + 58. Calculate n(-9).
-11
Let h(j) = -j**3 + 5*j**2 - 1. Let b be h(5). Let r(z) be the first derivative of 3*z**4 + z**2/2 - 869. Determine r(b).
-13
Let d(p) be the third derivative of -p**4/24 + 5*p**3/6 - p**2. Let m be (26/5 + -4)*5. Determine d(m).
-1
Let z = 289 + -306. Let d be (1/2)/((-2)/(-80)). Let u = z + d. Let v(o) = -o - 1. Calculate v(u).
-4
Let b(x) = -x**3 - 3*x**2 - 3*x + 3. Let p(z) = 5*z**2 - 163*z - 69. Let a be p(33). What is b(a)?
12
Let q(f) be the first derivative of f**3/3 - 5*f**2 + 10*f + 130. Determine q(2).
-6
Let d(o) = o**3 - o**2 + 6. Let x be d(0). Let m be 2/x - (2 + (-12)/(-9)). Let v(w) be the first derivative of -5*w**2/2 - 2*w - 1. Determine v(m).
13
Let l(k) = 2*k + 1. Let g(t) = -t + 1. Let n be g(5). Let j(a) be the third derivative of a**5/60 + a**4/6 + a**3/6 - 50*a**2. Let s be j(n). What is l(s)?
3
Let k(a) = -22*a + 6. Let n(t) = -51*t + 14. Let z(c) = 14*k(c) - 6*n(c). Determine z(11).
-22
Let u(l) be the third derivative of -7*l**4/24 - 2*l**3/3 - 203*l**2. What is u(-3)?
17
Let l = 17 - 11. Suppose 4*s - 5 = 5*n, 3*n - l*n = -3*s. Let q(v) = v + 5. Determine q(s).
0
Let i(r) = -r**2 + 2*r + 9. Let g(x) = 2*x**2 - x - 1. Let u be g(2). Determine i(u).
-6
Let q(s) = -s**3 - 6*s**2 - s - 3. Let p(r) = -3*r**2 - 9*r - 2. Let m(k) = -k**2 - 3*k. Let u(b) = 7*m(b) - 2*p(b). Let h be u(-5). What is q(h)?
3
Let m = 99 + -102. Let b(p) = -p**2 - 4*p + 3. Let t(g) = g**2 + 3*g - 2. Let a(d) = -2*b(d) - 3*t(d). Calculate a(m).
-6
Let w(y) be the first derivative of -y**2/2 + 3*y - 45. What is w(1)?
2
Suppose 0 = 2*j - 3*j. Suppose j*u - h = -4*u + 8, -2*u - 2 = h. Suppose 0 = 4*p + 11 + u. Let m(k) = -k**3 - 5*k**2 - 3*k + 4. Give m(p).
-5
Suppose 3 = 6*t - 39. Let r(z) = 2 + 4*z + 2*z - t*z + 1. Suppose g + 2*g = 15. Determine r(g).
-2
Let w(r) be the second derivative of 0 + 6*r**2 - 3*r + 1/3*r**3. Determine w(-9).
-6
Let j(p) be the first derivative of p**4 - p**3/3 + 5*p**2/2 + p + 2. Let l(x) = -x**3 + x**2 - x - 1. Let o(m) = -j(m) - 5*l(m). Give o(4).
4
Let v(x) = x + 2. Let o = 28 + 21. Let j = 49 - o. Calculate v(j).
2
Let a(p) = -p + 18. Let c be a(20). Suppose -2*i = -5*i + 3*b + 6, 2*b = i - 6. Let g be i + (c + 1)*1. Let l(s) = s**3 + 4*s**2 + 4*s + 3. Give l(g).
0
Suppose 0 = 12*n + 93 + 39. Let c(f) = f**3 + 12*f**2 + 9*f - 21. What is c(n)?
1
Let c(h) = -2*h - 1. Let n be c(-5). Let m = n + 1. Suppose 3*b - m = 4*l, 0 = -5*b - 0*l + 5*l + 10. Let v(d) = d**2 + 2. Give v(b).
6
Let x(g) = 7*g - 32*g + 9*g + 12*g + 2. What is x(-1)?
6
Let c(w) = 9*w - 36. Let u be c(4). Let r(o) be the third derivative of 1/6*o**3 + 0 + u*o - o**2 - 3/8*o**4. Give r(1).
-8
Let v(o) = 48 - 103 + 5*o + o**2 + 48. Determine v(-6).
-1
Let q(s) = s**2 + 2*s - 3. Let v be 3 - (7 + -8 + (1 - 1)). Suppose 2*y + 13 - 2 = 5*h, 3*h + v*y = 17. What is q(h)?
12
Let t(r) = 10*r + 5. Let v(u) = 7*u + 3. Suppose 14 = 6*h - 4*h. Let n(y) = h*v(y) - 5*t(y). What is n(-4)?
0
Let a(v) = 2*v - 10. Let d be a(5). Let k(u) = -3*u - 7. Let c(x) = 7*x + 14. Let b(g) = -2*c(g) - 5*k(g). Determine b(d).
7
Let o = 3/104 + 43/312. Let f(w) be the second derivative of 0 + 3*w**2 - 4*w + o*w**4 + 4/3*w**3. Calculate f(-5).
16
Let q(g) = -3*g**2 - g - 1. Let k(t) = t**3 - 4*t**2 - 13*t + 8. Let c be k(6). Suppose -5*l - 3 = c. Determine q(l).
-3
Let w(m) be the second derivative of -m**6/120 - m**5/15 - m**4/24 + m**3/2 + 11*m**2/2 - 8*m. Let s(u) be the first derivative of w(u). Calculate s(-3).
-3
Let w = -18 + 24. Let c(p) = 5*p - w*p + 2*p**3 - 3 - 3*p**3. Let k be (0/2 - 0)/1. What is c(k)?
-3
Let m(z) = -10*z - 2. Let c(a) = -11*a - 3. Let g(w) = -3*c(w) + 4*m(w). Suppose 2*o - 25 = 29. Let p be (-64)/(-36) - (-6)/o. Calculate g(p).
-13
Let a(m) = -22*m - 24*m + 45*m. Give a(-2).
2
Let j(m) = 3*m**3 + 7*m**2 + 7*m - 9. Let w(g) = g**3 + 2*g**2 + 2*g + 1. Let s(d) = -j(d) + 4*w(d). Determine s(-3).
-8
Let o(k) be the third derivative of k**6/60 + k**5/15 + 11*k**4/24 + k**3/3 - 29*k**2. Let y(j) = j**3 - j**2 + j - 1. Let b(u) = o(u) - 3*y(u). Determine b(8).
5
Let v = -714 - -707. Let b(d) = d**2 + 7*d + 6. Determine b(v).
6
Let x(f) = -f**2 + 4 + 0*f**2 + 163*f - 164*f. Give x(-5).
-16
Let b(s) = -8*s - 2. Let u be b(2). Let j = u - -25. Let n(o) = -2 - 3 + o - 1. What is n(j)?
1
Let n be (20/(-12) - -1) + 8/3. Let g(y) = -2*y**3 + y**2 - 2*y + 2. What is g(n)?
-14
Suppose 15 = k + 4*k. Let u(z) = -z**2 - z + 5. Let l(a) = -a. Let y(c) = k*l(c) + u(c). Let f = 9 + -15. Determine y(f).
-7
Suppose 89 = 2*n + 9. Let m be n/(-14)*49/(-14). Suppose 14 = -4*c - m. Let a(y) = -y**2 - 6*y + 5. What is a(c)?
5
Let b(z) = -z**3 - 7*z**2 + 2*z + 5. Let k(o) = 5*o**3 + 28*o**2 - 7*o - 20. Let s(j) = -9*b(j) - 2*k(j). Calculate s(6).
7
Let l(h) = 10*h**2 + 7*h - 1. Let b(r) be the third derivative of -29*r**5/60 - 5*r**4/6 + r**3/2 + 12*r**2. Let m(q) = -6*b(q) - 17*l(q). Calculate m(1).
4
Let z(v) be the first derivative of 2/3*v**3 - 1/4*v**4 + 2*v**2 - 3*v - 1. Suppose 17 = 4*h - 4*q + 1, 0 = 5*h + 4*q - 11. Determine z(h).
0
Suppose 2*c + 2 - 6 = 0, 0 = 3*f + 5*c - 34. Suppose 5*i + 4*m = 2*i, -i - 4*m + f = 0. Let s(p) = p + 1 + 0 - 2. Determine s(i).
-5
Suppose 4*d - 2*p = d + 1035, 4*p = 3*d - 1035. Let w(u) = -172*u + d*u - 175*u. What is w(-5)?
10
Let i(a) = -a**3 - 8*a**2 + 7*a + 6. Let q = -320 + 311. What is i(q)?
24
Let h(f) = 62*f + 20. Let r(b) = -37*b - 10. Let z(g) = 3*h(g) + 5*r(g). Give z(-8).
2
Let b be ((-1 + -3)*3/2)/(-3). Let k(t) = -6*t + 1. Give k(b).
-11
Suppose 3*p + 93*x + 13 = 95*x, 3*p - 5*x = -19. Let d(c) = -4*c**2 + 2*c**2 + c**3 + 5*c**2. Give d(p).
0
Let z(k) = -k - 3. Let x(s) = -2*s - 4. Let h(o) = -x(o) + 3*z(o). Give h(-6).
1
Let k(q) = -q**2 + 9*q + 12. Let u(y) = y**2 - 26*y + 142. Let b be u(19). Calculate k(b).
12
Let n(j) = j - 29. Let c be n(20). Let u(d) = d**2 + 11*d + 7. Give u(c).
-11
Let m(l) = 8*l**2 + 2*l + 1. Suppose 30 = 2*t + 32. Determine m(t).
7
Suppose -a - 2*o = -13, -3*a - 6*o = -2*o - 31. Let p be (2/a)/(1/(-15)). Let z(r) = -13*r - 2 + 14 + 14*r. Determine z(p).
6
Let y(z) = -z**3 - z**2 + 2. Let s be y(-2). Suppose -62*h = -65*h + 12. Let j(g) = h*g - 3*g + s - 2 - 3. Determine j(0).
1
Suppose 0 = 33*w - 22*w - 165. Suppose -2*y - 3*m - 12 = 0, -5*m - 18 - 2 = 4*y. Suppose -10*s + w*s = y. Let p(j) = -j**3 + j**2 + j + 4. Calculate p(s).
4
Let n be 132/(-22) + 2*1. Let r(c) = 0*c - 10*c + 11*c. Determine r(n).
-4
Let j(q) = -5*q**3 + 4*q**3 - 5*q + 4*q + 4*q**2 + 2*q + 0*q. Suppose -3*b + 20 = 2*b. Determine j(b).
4
Let a(j) = -9*j - 10. Let i(p) = 2*p. Let n be (-2 - 4/(-3))*225/30. Let o(w) = n*i(w) - a(w). Determine o(7).
3
Suppose 3*n - 4*n = -6. Suppose -n*z = -7*z + 2. Suppose 5*a + 30 = -5*o, 2*o - 3*a = z*a + 23. Let i(f) = 2*f - 1. Determine i(o).
-3
Let u(n) = -n - 8. Suppose -k + 22 = 4*l, l - 32 = -4*k - l. Let g = -4 + k. Suppose -g*i - 16 = -4. Give u(i).
-2
Suppose -z - 3*t - 17 = -7*t, -18 = -z - 3*t. Suppose 0 = -5*l + w + 29, -5*w + 2 = -l + z. Let k(v) = -v + 9. Determine k(l).
3
Let d(x) be the third derivative of 0*x - x**3 - 7*x**2 - 1/12*x**4 + 1/60*x**5 + 0. Let k be d(3). Let a(v) = -v**3 - 2*v**2 + 3*v + 3. Calculate a(k